{"id":12359,"date":"2021-03-10T13:18:58","date_gmt":"2021-03-10T12:18:58","guid":{"rendered":"https:\/\/www.lvhf.cz\/?page_id=12359"},"modified":"2023-06-08T11:02:24","modified_gmt":"2023-06-08T09:02:24","slug":"o-programu-2021","status":"publish","type":"page","link":"https:\/\/www.lvhf.cz\/de\/program-a-vstupenky-2026\/o-programu-2021\/","title":{"rendered":"\u00dcber das Programm 2021"},"content":{"rendered":"<p><\/p>\n<h2>Musikfestival Lednice|Valtice 2021 \u2013 die gr\u00f6\u00dfte europ\u00e4ische Werkschau zum Schaffen Antonio Vivaldis im neuen Jahrtausend<\/h2>\n<p>&nbsp;<\/p>\n<p><noscript><img loading=\"lazy\" decoding=\"async\" class=\"wp-image-8475 alignleft\" title=\"Antonio Vivaldi\" src=\"https:\/\/www.lvhf.cz\/wp-content\/uploads\/2021\/03\/antonio-vivaldi.jpg\" alt=\"Antonio-vivaldi\" width=\"325\" height=\"388\"><\/noscript><img loading=\"lazy\" decoding=\"async\" class=\"wp-image-8475 alignleft lazyload\" title=\"Antonio Vivaldi\" src=\"data:image\/svg+xml,%3Csvg%20xmlns%3D%22http%3A%2F%2Fwww.w3.org%2F2000%2Fsvg%22%20viewBox%3D%220%200%20325%20388%22%3E%3C%2Fsvg%3E\" alt=\"Antonio-vivaldi\" width=\"325\" height=\"388\" data-src=\"https:\/\/www.lvhf.cz\/wp-content\/uploads\/2021\/03\/antonio-vivaldi.jpg\"><\/p>\n<p>Eine Welt voller Verspieltheit und Leidenschaft, leichtem Flirt und beispielhafter Fr\u00f6mmigkeit, schlanker Silhouetten keuscher M\u00e4dchen aus dem Ospedale della Piet\u00e0 oder Naturszenen, die an die sonnendurchfluteten Bilder Francesco Guardis erinnern. Das alles vereint die Musik des \u201cPrete Rosso\u201d &#8211; des roten Priesters <strong>Antonio Vivaldi<\/strong>, des italienischen Musikgenies aus der ersten H\u00e4lfte des 18.&nbsp;Jahrhunderts, in sich, dessen Musik den <a href=\"https:\/\/www.lvhf.cz\/archiv-koncertu-2021\/\" target=\"_blank\" rel=\"noopener\">6.&nbsp;Jahrgang des Musikfestivals Lednice|Valtice<\/a> erf\u00fcllt. Es reisen Spitzenensembles aus <strong>Italien, Frankreich, Spanien und der Tschechischen Republik<\/strong> an, um Vivaldis Schaffen zu pr\u00e4sentieren, unter anderem das <strong>Ensemble Matheus mit Jean-Christophe Spinosi<\/strong>, der durch seine experimentellen Produktionen auf der Queen Mary II oder im New Yorker Central Park bekannt wurde, <strong>Europa Galante mit Fabio Biondi<\/strong>, <strong>Collegium 1704 mit V\u00e1clav Luks<\/strong>, die Gruppe <strong>Accademia Bizantina<\/strong> mit dem franz\u00f6sischen Gesangsstar <strong>Delphine Galou<\/strong> oder das <strong>Collegium Marianum mit Patricia Jane\u010dkov\u00e1<\/strong>. In seinem tschechischen Deb\u00fct erleben wir einen der meistverfolgten K\u00fcnstler der Gegenwart, den polnischen Countertenor<strong> Jakub J\u00f3zef Orli\u0144ski<\/strong>. <strong>Vom 2. bis 15. Oktober 2021<\/strong>, das #LVHF2021 bietet die <strong>gr\u00f6\u00dfte und komplexeste europ\u00e4ische Werkschau zu Vivaldis Schaffen im neuen Jahrtausend<\/strong> und wieder verbindet es klassische Musik mit architektonischen Kleinoden der <strong>Region Lednice-Valtice<\/strong>, die heuer 25 Jahre UNESCO Weltkulturerbe feiert. Festivaldramaturgen sind 2021 der spanische Violinist und Musikwissenschaftler <strong>Eduardo Garc\u00eda Salas<\/strong> sowie der k\u00fcnstlerische Direktor des LVHF, <strong>Ji\u0159\u00ed Partyka<\/strong>.<\/p>\n<p>&nbsp;<\/p>\n<h2 style=\"text-align: left;\">Was \u00fcber das Programm gesagt wurde<\/h2>\n<p>&nbsp;<\/p>\n<p>\u201eWir stellen Vivaldis reiches musikalisches Verm\u00e4chtnis nicht nur in Form von Instrumentalkonzerten vor, sondern auch als <strong>Kammermusik<\/strong>, geistliche Musik und im<strong> Operngenre<\/strong>. Das Festival pr\u00e4sentiert mehrere neuzeitliche Wiederauff\u00fchrungen, eingeschlossen <strong>Vivaldis Oper Farnace<\/strong> in der Fassung aus Pavia, zw\u00f6lf tschechische Premieren und eine Reihe vivaldianischer Neuentdeckungen der letzten Jahre, zum Beispiel <strong>Sonaten aus der Dresdner Pisendel-Sammlung.<\/strong>\u201c <strong>(Ji\u0159\u00ed Partyka)<\/strong><\/p>\n<p>\u201eDie Dramaturgie des 6. Jahrgangs reflektiert durchdacht den Genrereichtum in Vivaldis musikalischem Nachlass mit einem Akzent auf seine Verbundenheit zu tschechischen L\u00e4ndern, insbesondere zum Grafen Wenzel von Morzin, Johann Josef von Wrtba oder Tommaso Vinciguerra, dem IV. Grafen von Collalto und San Salvatore, aus dessen \u201eCollalto-Sammlung\u201c <strong>vier Konzerte in tschechischer Urauff\u00fchrung<\/strong> erklingen, gespielt von Fabio Biondi und dem Ensemble Europa Galante.\u201c (<strong>Eduardo Garc\u00eda Salas<\/strong>)<\/p>\n<p>\u201eEs geht dabei um extrem virtuose Kompositionen, welche den Stil der musique galante des zweiten Drittels des 18. Jahrhunderts schon erahnen lassen. Sie tragen eine gro\u00dfe Portion Melancholie in sich, als w\u00fcrden sie nicht nur den Tod ihres Autors vorhersehen, sondern den Untergang einer ganzen musikalischen Epoche. Vivaldi erhielt in ihnen das Bild der F\u00fclle und Komplexit\u00e4t seiner musikalischen Sprache aufrecht. Weit entfernt vom didaktischen Charakter vieler der Violinkonzerte, die er f\u00fcr seine Sch\u00fcler am Ospedale della Piet\u00e0 in Venedig schrieb, erfassen sie Vivaldis gesamtes Wissen \u00fcber die Violine. \u201eIch w\u00fcrde sogar sagen, sie dr\u00fccken Vivaldis eigene, sehr tiefe Beziehung zu diesem Instrument aus. Vollkommen, aussch\u00f6pfend, beispielhaft.\u201c (<strong>Fabio Biondi<\/strong>)<\/p>\n<p><strong>Das Musikfestival Lednice|Valtice 2021 findet unter der Schirmherrschaft des Kulturministers der Tschechischen Republik, PhDr. Lubom\u00edr Zaor\u00e1lek und des Landeshauptmanns der Region S\u00fcdm\u00e4hren, Mgr. Jan Grolich statt.<\/strong><\/p>\n<p><\/p><div class=\"rl-gallery-container \" id=\"rl-gallery-container-2\" data-gallery_id=\"0\"> <div class=\"rl-gallery rl-basicgrid-gallery \" id=\"rl-gallery-2\" data-gallery_no=\"2\"> <div class=\"rl-gallery-item\"><a href=\"https:\/\/www.lvhf.cz\/wp-content\/uploads\/2021\/05\/zastita_LVHF2021_mkcr_zaoralek.jpg\" title data-rl_title class=\"rl-gallery-link\" data-rl_caption data-rel=\"lightbox-gallery-2\"><noscript><img decoding=\"async\" src=\"https:\/\/www.lvhf.cz\/wp-content\/uploads\/2021\/05\/zastita_LVHF2021_mkcr_zaoralek-283x400.jpg\" width=\"283\" height=\"400\" alt=\"Lubom\u00edr Zaor\u00e1lek z\u00e1\u0161tita LVHF2021\"><\/noscript><img decoding=\"async\" src=\"data:image\/svg+xml,%3Csvg%20xmlns%3D%22http%3A%2F%2Fwww.w3.org%2F2000%2Fsvg%22%20viewBox%3D%220%200%20283%20400%22%3E%3C%2Fsvg%3E\" width=\"283\" height=\"400\" alt=\"Lubom\u00edr Zaor\u00e1lek z\u00e1\u0161tita LVHF2021\" data-src=\"https:\/\/www.lvhf.cz\/wp-content\/uploads\/2021\/05\/zastita_LVHF2021_mkcr_zaoralek-283x400.jpg\" class=\" lazyload\"><\/a><\/div><div class=\"rl-gallery-item\"><a href=\"https:\/\/www.lvhf.cz\/wp-content\/uploads\/2021\/05\/Zastita-JmK-PDF.jpg\" title data-rl_title class=\"rl-gallery-link\" data-rl_caption data-rel=\"lightbox-gallery-2\"><noscript><img decoding=\"async\" src=\"https:\/\/www.lvhf.cz\/wp-content\/uploads\/2021\/05\/Zastita-JmK-PDF-283x400.jpg\" width=\"283\" height=\"400\" alt=\"Jan Grolich z\u00e1\u0161tita LVHF2021\"><\/noscript><img decoding=\"async\" src=\"data:image\/svg+xml,%3Csvg%20xmlns%3D%22http%3A%2F%2Fwww.w3.org%2F2000%2Fsvg%22%20viewBox%3D%220%200%20283%20400%22%3E%3C%2Fsvg%3E\" width=\"283\" height=\"400\" alt=\"Jan Grolich z\u00e1\u0161tita LVHF2021\" data-src=\"https:\/\/www.lvhf.cz\/wp-content\/uploads\/2021\/05\/Zastita-JmK-PDF-283x400.jpg\" class=\" lazyload\"><\/a><\/div> <\/div> <\/div>","protected":false},"excerpt":{"rendered":"<p>Musikfestival Lednice|Valtice 2021 \u2013 die gr\u00f6\u00dfte europ\u00e4ische Werkschau zum Schaffen Antonio Vivaldis im neuen Jahrtausend &nbsp; Eine Welt voller Verspieltheit und Leidenschaft, leichtem Flirt und beispielhafter Fr\u00f6mmigkeit, schlanker Silhouetten keuscher M\u00e4dchen aus dem Ospedale della Piet\u00e0 oder Naturszenen, die an die sonnendurchfluteten Bilder Francesco Guardis erinnern. Das alles vereint die Musik des \u201cPrete Rosso\u201d &#8211; [&#46;&#46;&#46;]<\/p>\n","protected":false},"author":2,"featured_media":0,"parent":11102,"menu_order":0,"comment_status":"closed","ping_status":"closed","template":"","meta":{"footnotes":""},"acf":[],"_links":{"self":[{"href":"https:\/\/www.lvhf.cz\/de\/wp-json\/wp\/v2\/pages\/12359"}],"collection":[{"href":"https:\/\/www.lvhf.cz\/de\/wp-json\/wp\/v2\/pages"}],"about":[{"href":"https:\/\/www.lvhf.cz\/de\/wp-json\/wp\/v2\/types\/page"}],"author":[{"embeddable":true,"href":"https:\/\/www.lvhf.cz\/de\/wp-json\/wp\/v2\/users\/2"}],"replies":[{"embeddable":true,"href":"https:\/\/www.lvhf.cz\/de\/wp-json\/wp\/v2\/comments?post=12359"}],"version-history":[{"count":43,"href":"https:\/\/www.lvhf.cz\/de\/wp-json\/wp\/v2\/pages\/12359\/revisions"}],"predecessor-version":[{"id":21074,"href":"https:\/\/www.lvhf.cz\/de\/wp-json\/wp\/v2\/pages\/12359\/revisions\/21074"}],"up":[{"embeddable":true,"href":"https:\/\/www.lvhf.cz\/de\/wp-json\/wp\/v2\/pages\/11102"}],"wp:attachment":[{"href":"https:\/\/www.lvhf.cz\/de\/wp-json\/wp\/v2\/media?parent=12359"}],"curies":[{"name":"wp","href":"https:\/\/api.w.org\/{rel}","templated":true}]}}

Über das Programm 2021

<p></p>
<h2>Musikfestival Lednice|Valtice 2021 – die größte europäische Werkschau zum Schaffen Antonio Vivaldis im neuen Jahrtausend</h2>
<p>&nbsp;</p>
<p><noscript><img loading="lazy" decoding="async" class="wp-image-8475 alignleft" title="Antonio Vivaldi" src="https://www.lvhf.cz/wp-content/uploads/2021/03/antonio-vivaldi.jpg" alt="Antonio-vivaldi" width="325" height="388"></noscript><img loading="lazy" decoding="async" class="wp-image-8475 alignleft lazyload" title="Antonio Vivaldi" src="data:image/svg+xml,%3Csvg%20xmlns%3D%22http%3A%2F%2Fwww.w3.org%2F2000%2Fsvg%22%20viewBox%3D%220%200%20325%20388%22%3E%3C%2Fsvg%3E" alt="Antonio-vivaldi" width="325" height="388" data-src="https://www.lvhf.cz/wp-content/uploads/2021/03/antonio-vivaldi.jpg"></p>
<p>Eine Welt voller Verspieltheit und Leidenschaft, leichtem Flirt und beispielhafter Frömmigkeit, schlanker Silhouetten keuscher Mädchen aus dem Ospedale della Pietà oder Naturszenen, die an die sonnendurchfluteten Bilder Francesco Guardis erinnern. Das alles vereint die Musik des “Prete Rosso” &#8211; des roten Priesters <strong>Antonio Vivaldi</strong>, des italienischen Musikgenies aus der ersten Hälfte des 18.&nbsp;Jahrhunderts, in sich, dessen Musik den <a href="https://www.lvhf.cz/archiv-koncertu-2021/" target="_blank" rel="noopener">6.&nbsp;Jahrgang des Musikfestivals Lednice|Valtice</a> erfüllt. Es reisen Spitzenensembles aus <strong>Italien, Frankreich, Spanien und der Tschechischen Republik</strong> an, um Vivaldis Schaffen zu präsentieren, unter anderem das <strong>Ensemble Matheus mit Jean-Christophe Spinosi</strong>, der durch seine experimentellen Produktionen auf der Queen Mary II oder im New Yorker Central Park bekannt wurde, <strong>Europa Galante mit Fabio Biondi</strong>, <strong>Collegium 1704 mit Václav Luks</strong>, die Gruppe <strong>Accademia Bizantina</strong> mit dem französischen Gesangsstar <strong>Delphine Galou</strong> oder das <strong>Collegium Marianum mit Patricia Janečková</strong>. In seinem tschechischen Debüt erleben wir einen der meistverfolgten Künstler der Gegenwart, den polnischen Countertenor<strong> Jakub Józef Orliński</strong>. <strong>Vom 2. bis 15. Oktober 2021</strong>, das #LVHF2021 bietet die <strong>größte und komplexeste europäische Werkschau zu Vivaldis Schaffen im neuen Jahrtausend</strong> und wieder verbindet es klassische Musik mit architektonischen Kleinoden der <strong>Region Lednice-Valtice</strong>, die heuer 25 Jahre UNESCO Weltkulturerbe feiert. Festivaldramaturgen sind 2021 der spanische Violinist und Musikwissenschaftler <strong>Eduardo García Salas</strong> sowie der künstlerische Direktor des LVHF, <strong>Jiří Partyka</strong>.</p>
<p>&nbsp;</p>
<h2 style="text-align: left;">Was über das Programm gesagt wurde</h2>
<p>&nbsp;</p>
<p>„Wir stellen Vivaldis reiches musikalisches Vermächtnis nicht nur in Form von Instrumentalkonzerten vor, sondern auch als <strong>Kammermusik</strong>, geistliche Musik und im<strong> Operngenre</strong>. Das Festival präsentiert mehrere neuzeitliche Wiederaufführungen, eingeschlossen <strong>Vivaldis Oper Farnace</strong> in der Fassung aus Pavia, zwölf tschechische Premieren und eine Reihe vivaldianischer Neuentdeckungen der letzten Jahre, zum Beispiel <strong>Sonaten aus der Dresdner Pisendel-Sammlung.</strong>“ <strong>(Jiří Partyka)</strong></p>
<p>„Die Dramaturgie des 6. Jahrgangs reflektiert durchdacht den Genrereichtum in Vivaldis musikalischem Nachlass mit einem Akzent auf seine Verbundenheit zu tschechischen Ländern, insbesondere zum Grafen Wenzel von Morzin, Johann Josef von Wrtba oder Tommaso Vinciguerra, dem IV. Grafen von Collalto und San Salvatore, aus dessen „Collalto-Sammlung“ <strong>vier Konzerte in tschechischer Uraufführung</strong> erklingen, gespielt von Fabio Biondi und dem Ensemble Europa Galante.“ (<strong>Eduardo García Salas</strong>)</p>
<p>„Es geht dabei um extrem virtuose Kompositionen, welche den Stil der musique galante des zweiten Drittels des 18. Jahrhunderts schon erahnen lassen. Sie tragen eine große Portion Melancholie in sich, als würden sie nicht nur den Tod ihres Autors vorhersehen, sondern den Untergang einer ganzen musikalischen Epoche. Vivaldi erhielt in ihnen das Bild der Fülle und Komplexität seiner musikalischen Sprache aufrecht. Weit entfernt vom didaktischen Charakter vieler der Violinkonzerte, die er für seine Schüler am Ospedale della Pietà in Venedig schrieb, erfassen sie Vivaldis gesamtes Wissen über die Violine. „Ich würde sogar sagen, sie drücken Vivaldis eigene, sehr tiefe Beziehung zu diesem Instrument aus. Vollkommen, ausschöpfend, beispielhaft.“ (<strong>Fabio Biondi</strong>)</p>
<p><strong>Das Musikfestival Lednice|Valtice 2021 findet unter der Schirmherrschaft des Kulturministers der Tschechischen Republik, PhDr. Lubomír Zaorálek und des Landeshauptmanns der Region Südmähren, Mgr. Jan Grolich statt.</strong></p>
<p></p><div class="rl-gallery-container " id="rl-gallery-container-2" data-gallery_id="0"> <div class="rl-gallery rl-basicgrid-gallery " id="rl-gallery-2" data-gallery_no="2"> <div class="rl-gallery-item"><a href="https://www.lvhf.cz/wp-content/uploads/2021/05/zastita_LVHF2021_mkcr_zaoralek.jpg" title data-rl_title class="rl-gallery-link" data-rl_caption data-rel="lightbox-gallery-2"><noscript><img decoding="async" src="https://www.lvhf.cz/wp-content/uploads/2021/05/zastita_LVHF2021_mkcr_zaoralek-283x400.jpg" width="283" height="400" alt="Lubomír Zaorálek záštita LVHF2021"></noscript><img decoding="async" src="data:image/svg+xml,%3Csvg%20xmlns%3D%22http%3A%2F%2Fwww.w3.org%2F2000%2Fsvg%22%20viewBox%3D%220%200%20283%20400%22%3E%3C%2Fsvg%3E" width="283" height="400" alt="Lubomír Zaorálek záštita LVHF2021" data-src="https://www.lvhf.cz/wp-content/uploads/2021/05/zastita_LVHF2021_mkcr_zaoralek-283x400.jpg" class=" lazyload"></a></div><div class="rl-gallery-item"><a href="https://www.lvhf.cz/wp-content/uploads/2021/05/Zastita-JmK-PDF.jpg" title data-rl_title class="rl-gallery-link" data-rl_caption data-rel="lightbox-gallery-2"><noscript><img decoding="async" src="https://www.lvhf.cz/wp-content/uploads/2021/05/Zastita-JmK-PDF-283x400.jpg" width="283" height="400" alt="Jan Grolich záštita LVHF2021"></noscript><img decoding="async" src="data:image/svg+xml,%3Csvg%20xmlns%3D%22http%3A%2F%2Fwww.w3.org%2F2000%2Fsvg%22%20viewBox%3D%220%200%20283%20400%22%3E%3C%2Fsvg%3E" width="283" height="400" alt="Jan Grolich záštita LVHF2021" data-src="https://www.lvhf.cz/wp-content/uploads/2021/05/Zastita-JmK-PDF-283x400.jpg" class=" lazyload"></a></div> </div> </div>

<p>Musikfestival Lednice|Valtice 2021 – die größte europäische Werkschau zum Schaffen Antonio Vivaldis im neuen Jahrtausend &nbsp; Eine Welt voller Verspieltheit und Leidenschaft, leichtem Flirt und beispielhafter Frömmigkeit, schlanker Silhouetten keuscher Mädchen aus dem Ospedale della Pietà oder Naturszenen, die an die sonnendurchfluteten Bilder Francesco Guardis erinnern. Das alles vereint die Musik des “Prete Rosso” &#8211; [&#46;&#46;&#46;]</p>
